ivided by 44.
38
Let b be (-1)/(-3) + (-47)/(-3). Let i = 32 - b. What is the remainder when -30*11/((-77)/7) is divided by i?
14
What is the remainder when 440 is divided by 1 + 11/(-13) + (-8 - (-28217)/377)?
38
What is the remainder when ((-195)/20 + 11)/((-5)/(-20)) - -865 is divided by 333?
204
Let g(y) = -y**3 - 12*y**2 + 4*y + 25. Let k be g(-11). Let x = k - -144. What is the remainder when ((-6)/x)/((-6)/232) is divided by 16?
10
Let l = 452 + -313. Let q = 325782 + -325773. What is the remainder when l is divided by q?
4
Let c(y) be the first derivative of -95*y**2 + 247*y + 115. What is the remainder when c(-4) is divided by 42?
41
Let s = 10 + -7. Suppose -s*l - 2*y = -37, 0 = 5*l - y - 3*y - 47. Suppose -290 = -l*w + 161. What is the remainder when 118 is divided by w?
36
Let r(b) = -58*b - 2681. What is the remainder when r(-48) is divided by 27?
22
Suppose 201 = -4*x + 549. Suppose 9*w = x + 48. Suppose 2*v - 164 = -5*a + 4, -v = -5*a + 171. What is the remainder when a is divided by w?
4
Let m = -140 + 259. Suppose 0 = 7*r - m - 28. Calculate the remainder when 844/14 - (-16)/(-56) is divided by r.
18
Let v = -1152 - -1183. What is the remainder when 10848 is divided by v?
29
Suppose 0*s = -2*s + f + 145, s - 4*f = 76. Suppose o - 4 = 2*o. Calculate the remainder when s is divided by -1*(-92)/4 + o.
15
Let x(y) = 5*y**3 - 5*y**2 - 69*y + 399. Calculate the remainder when x(5) is divided by 31.
27
Let u be -1 + 5/3 + 32/6. Let z be 3/(-6) + 3 + 57/u. Let q = 31 - z. What is the remainder when 54 is divided by q?
16
Let n = 8 - -52. Suppose -n = 7*m - 12*m. Suppose -m*v + 217 = -5*v. What is the remainder when 87 is divided by v?
25
Let r(l) = -8*l**3 - l**2 + 2*l - 1. Let m be r(-2). Let y = m + 13. Let p = 12461 - 12438. What is the remainder when y is divided by p?
22
Let k = -382 + 389. Suppose k*v + 544 = 24*v. What is the remainder when 126 is divided by v?
30
Let a(g) = 2*g**3 - 44*g**2 + 42*g + 76. What is the remainder when 191 is divided by a(21)?
39
Suppose -b + 44 = 4*z, -z + 110 = 5*b - 3*z. Let w = 1048 + -976. What is the remainder when w is divided by b?
0
Let q = 1128 + -1080. What is the remainder when 291 is divided by q?
3
Let g(h) = -6*h**2 - 40*h + 21. Let v(k) = -11*k**2 - 80*k + 43. Let q(x) = -7*g(x) + 4*v(x). What is the remainder when q(-12) is divided by 56?
49
Let t(j) = -j**3 + 15*j**2 + 5*j - 9. Suppose -2*a = 2*a + 4. What is the remainder when t(15) is divided by (69/(-6)*2)/a?
20
Suppose 53*q - 1350 = 4109. Suppose -2*g - 2*l + 123 + 7 = 0, 5*g = -2*l + 322. Suppose -3*r = -20 - g. Calculate the remainder when q is divided by r.
19
What is the remainder when 530 is divided by -5 + 4596/108 - 4/(-9)?
36
Suppose 1982 + 436 = 13*r. Let o = 191 - r. What is the remainder when 12 is divided by o?
2
Let j = -7 + 16. Let d be (-3 + 56/21)/((-3)/36). Suppose -5*x = -20, -p + d*x - 3*x = -4. Calculate the remainder when j is divided by p.
1
Suppose -4*i - 452 = -j + 214, 3*j - 2*i - 2008 = 0. Calculate the remainder when j is divided by 11.
10
Suppose 126*d + 126 = 112*d. What is the remainder when 22 is divided by -2*6*6/d?
6
Suppose -5*p = -0*p - 50. Let v(b) = -46*b + 50. Let s be v(1). Suppose 0 = 2*i + 5*h - 21 - p, -95 = -s*i + h. Calculate the remainder when 44 is divided by i.
21
What is the remainder when (-200)/(-50) - (-16)/(-5) - 2508/(-15) is divided by 65?
38
Let b(w) = w**3 - 3*w**2 + 2*w + 2. Let h = -172774 + 172850. Calculate the remainder when h is divided by b(4).
24
What is the remainder when 195 is divided by ((-69)/(-6))/((-127)/(-254))?
11
Suppose 630 - 804 = 135*y - 1794. Let w = -8 - -8. Suppose -3*c + 79 = 3*x + c, w = -2*x - 2*c + 54. What is the remainder when x is divided by y?
5
Let t = 12487 + -12470. Let j(z) = 5*z. Let l be j(-4). Let k = l + 52. Calculate the remainder when k is divided by t.
15
Let f be 1/((-7)/(-1178 + 2)). Suppose 0*y + 4*w = 4*y - f, 4*y - w = 174. What is the remainder when 174 is divided by y?
42
Let c(m) = 4*m - 6. Let b = 7 + -5. Suppose -2*u = f + b*f - 13, -1 = u. Calculate the remainder when 48 is divided by c(f).
6
Let o be 4/(-8)*(-17 - -1). Let s(b) = -18 + o - b**3 - 2*b + 10 + 5*b**2. What is the remainder when 44 is divided by s(3)?
8
Let s(t) = -t**2 + 5*t - 2. Let g be s(4). Let z(h) be the third derivative of 5*h**4/12 - h**3 - 4*h**2 + 45. What is the remainder when 54 is divided by z(g)?
12
Let b(f) = 4*f**2 + 10*f + 31. Let s be b(10). Let m = s + -373. Calculate the remainder when m is divided by 18.
14
Suppose 19*o - 77*o + 4589 = -2255. Calculate the remainder when o is divided by 113.
5
Let o = -233 - -238. Suppose -4*h = -5*s + 547, 3*h + 2*h - 520 = -o*s. Calculate the remainder when s is divided by 18.
17
Let q be 9/(-15)*31/(186/(-180)). Suppose 7*y - q = 45. Calculate the remainder when 35 is divided by y.
8
Suppose -73*n + 20526 = -4*n + 2931. What is the remainder when n is divided by 17?
0
Let i = 3636 + -3617. Calculate the remainder when 930 is divided by i.
18
Let l(o) = -o**3 + 18*o**2 - 17*o + 3. Let w be l(17). Suppose -5*r = -w*a - 33, 0 = -2*r + a + 20 - 7. Calculate the remainder when 21 is divided by r.
3
Let w(d) = -d**3 - 4*d**2 + 9*d + 9. Suppose -b + 64 = 2*s - 13, 0 = -5*b - s + 385. Calculate the remainder when b is divided by w(-6).
23
Calculate the remainder when 505 is divided by 9 - (0 + 8 + -130).
112
Suppose 17645 = 87*w - 34816. Calculate the remainder when w is divided by 155.
138
Let o(i) = 2*i**2 - 14*i - 54. Calculate the remainder when 230 is divided by o(-3).
2
Suppose 5*t + 766 = j, -7*j - 13*t = -6*j - 676. What is the remainder when j is divided by 24?
21
Suppose g - 123 = -5*v + 592, 5*v + 10 = 0. Let f = g - 654. Calculate the remainder when 140 is divided by f.
69
Calculate the remainder when 306 is divided by (4 + (-80)/24)*(2 - -76).
46
Suppose 9*v - 95*v - 23*v + 3597 = 0. Calculate the remainder when 1015 is divided by v.
25
Suppose 5*r = 9*r - 48. Let o = 68 + -55. Suppose -r*y = -109 + o. Calculate the remainder when 26 is divided by y.
2
Suppose -63*z = -48*z - 555. What is the remainder when 1996 is divided by z?
35
Let n(i) = i**3 - 11*i**2 + 13*i + 2. Let b be n(11). Let s = -103 + b. What is the remainder when 417 is divided by s?
39
Let r(x) = 32*x**2 - 374*x + 23. Calculate the remainder when r(13) is divided by 16.
9
What is the remainder when -7 + (-15600)/(-42) - (-3)/(147/28) is divided by 126?
113
Let w = 61552 - 61498. Let b = 729 - 407. Calculate the remainder when b is divided by w.
52
What is the remainder when 2849 is divided by (0 - (-1)/(-2))/(-57 + (-116212)/(-2040))?
14
Suppose 12*f + 390 = 7*f. Let j be ((-3)/(-9))/((-2)/f). Calculate the remainder when 63 is divided by 5 + -2 - (-1 - j).
12
Suppose 210 = 17*a - 4873. Let y = -144 + a. What is the remainder when y is divided by 12?
11
Let c = -121 - -196. What is the remainder when c is divided by (600/192)/((-1)/(-8))?
0
Suppose -4*y - 4*r = -6560, -241*y - 5*r - 8130 = -246*y. Calculate the remainder when y is divided by 82.
75
Let a = -7927 + 7948. Calculate the remainder when 345 is divided by a.
9
Let c(n) = 0*n + 4 + 1 + 4*n**2 - 8*n. Suppose -2*d - 76 = -4*h, -15*d + 14*d = -5*h + 89. Calculate the remainder when c(6) is divided by h.
16
Let s = 56 - 39. Suppose -4*k + 5*x = -7*k + 201, -3*k - 4*x = -195. Calculate the remainder when k is divided by s.
6
Suppose 36 = -0*q + 3*q. Suppose 0 = -2*i - u + 68, 2*i + 10*u - 56 = q*u. Calculate the remainder when 86 is divided by i.
22
Suppose 433*u = 451*u - 72. Suppose -5*t - 2*q = 401 - 1609, 967 = u*t + q. Calculate the remainder when t is divided by 1/(-2) - 142/(-4).
32
Let o = -149 - -165. Let u = -10 + o. Calculate the remainder when 15 is divided by u.
3
Suppose -4*o = -109 + 1. Suppose 87 = 4*y + 2*m + m, 3*y - 3*m = 39. Calculate the remainder when ((-21708)/(-729))/(4/y) is divided by o.
26
Let y(h) = -h**2 - 11*h - 8. Let w be y(-8). Let m be 234*(w/(-6))/2. Calculate the remainder when ((1 - -2) + m)*(-2)/6 is divided by 52.
51
Let p = 25 + 7. Suppose -10*d - 85*d + 467 = -3618. What is the remainder when d is divided by p?
11
Let b(k) = -k - 5. Let w be b(-4). Let z(v) = -360*v + 47666. Calculate the remainder when z(132) is divided by (2